{"id":133,"date":"2020-11-01T18:03:10","date_gmt":"2020-11-01T18:03:10","guid":{"rendered":"https:\/\/seguridadinternacional.es\/resi\/html\/?page_id=133"},"modified":"2020-11-01T18:03:10","modified_gmt":"2020-11-01T18:03:10","slug":"diagnosticos-sobre-seguridad-en-y-desde-el-cono-sur-de-america-latina","status":"publish","type":"page","link":"https:\/\/seguridadinternacional.es\/resi\/html\/diagnosticos-sobre-seguridad-en-y-desde-el-cono-sur-de-america-latina\/","title":{"rendered":"Diagn\u00f3sticos sobre seguridad en y desde el Cono Sur de Am\u00e9rica Latina"},"content":{"rendered":"\n<p class=\"has-text-align-center\">Presentaci\u00f3n del monogr\u00e1fico<\/p>\n\n\n\n<p class=\"has-text-align-center\">JORGE M. VEGA<\/p>\n\n\n\n<p class=\"has-text-align-center\">Universidad del Salvador, Argentina<\/p>\n\n\n\n<p class=\"has-text-align-center\">NICOL\u00c1S COMINI<\/p>\n\n\n\n<p class=\"has-text-align-center\">Universidad del Salvador, Argentina<\/p>\n\n\n\n<p>Title: Diagnoses about security in and from Latin America\u2019s Southern Cone<\/p>\n\n\n\n<p>Para citar este art\u00edculo: Jorge M. Vega y Nicol\u00e1s Comini, \u201cDiagn\u00f3sticos sobre seguridad en y desde el Cono Sur de Am\u00e9rica Latina\u201d, <em>Revista de Estudios en Seguridad Internacional<\/em>, Vol. 4, No. 1, (2018), pp. i-ii. DOI: http:\/\/dx.doi.org\/10.18847\/1.7.0<\/p>\n\n\n\n<p>Am\u00e9rica Latina es una <em>zona de paz<\/em> que alcanza en Sudam\u00e9rica su m\u00e1xima expresi\u00f3n. Los agudos niveles de violencia intraestatal y transnacional registrados en ciertas \u00e1reas no opacan la ausencia sostenida de conflictos interestatales de alta intensidad y la existencia de prol\u00edficos mecanismos de construcci\u00f3n de confianza mutua. Esto representa una singularidad global que despierta el recurrente inter\u00e9s acad\u00e9mico de comunidades epist\u00e9micas de distintas partes del mundo, siendo la espa\u00f1ola una de las m\u00e1s prol\u00edficas. En efecto, partimos de la premisa que el intercambio <em>iberoamericano<\/em> de mejores pr\u00e1cticas y lecciones aprendidas es particularmente fruct\u00edfero para la administraci\u00f3n p\u00fablica de estos asuntos a ambos lados del Atl\u00e1ntico.<\/p>\n\n\n\n<p>El meritorio r\u00f3tulo de <em>zona de paz<\/em> no significa que Sudam\u00e9rica posea una agenda regional de seguridad vac\u00eda de contenido. Por el contrario, el siglo XXI es testigo de &nbsp;profundas transformaciones de las instituciones nacionales competentes y la emergencia de renovadas pol\u00edticas p\u00fablicas regionales para dar cuenta de desaf\u00edos no tradicionales propios del contexto estrat\u00e9gico mundial post Guerra Fr\u00eda. De hecho, los problemas de seguridad p\u00fablica constituyen una demanda ciudadana prioritaria que trasciende fronteras y niveles de gobierno, y que interpela el redise\u00f1o permanente de paradigmas pol\u00edticos, planes de gesti\u00f3n y din\u00e1micas organizacionales.<\/p>\n\n\n\n<p>La institucionalidad hemisf\u00e9rica y sudamericana competente no es ajena a este marco general de replanteos, siendo ilustrativas las cr\u00edticas que actualmente reciben tanto la Organizaci\u00f3n de Estados Americanos (OEA) como la Uni\u00f3n de Naciones Suramericanas (UNASUR). Tampoco est\u00e1n exentas de reformulaci\u00f3n las agencias nacionales responsables del uso monop\u00f3lico de la fuerza (por excelencia, ej\u00e9rcitos y polic\u00edas), verdaderos ejes de debate en todas las sociedades de la regi\u00f3n en relaci\u00f3n a la oportunidad, conveniencia, riesgos y amenazas de, por un lado, avanzar hacia lo que distintos autores describen como la <em>militarizaci\u00f3n<\/em> de la seguridad p\u00fablica o, por el contrario, certificar la separaci\u00f3n de sus respectivos \u00e1mbitos organizacionales de actuaci\u00f3n.<\/p>\n\n\n\n<p>Este monogr\u00e1fico tiene por objetivo explorar estas y otras dimensiones de la <em>agenda sudamericana de seguridad<\/em> focalizando el an\u00e1lisis en los problemas y arquitecturas pol\u00edtico-institucionales de los pa\u00edses que integran su Cono Sur. El formato elegido para dar cuenta de ello es una combinaci\u00f3n de estudios de caso (Argentina, Brasil, Chile, Paraguay y Uruguay) y an\u00e1lisis transversales sobre abordajes conceptuales dominantes (seguridad cooperativa) y desaf\u00edos comunes (problema mundial de las drogas), confeccionados por especialistas locales de distinguida trayectoria profesional en la tem\u00e1tica tanto en el plano acad\u00e9mico como en el gubernamental.<\/p>\n\n\n\n<p>Nuestra prioridad ha sido garantizar al lector pluralidad de posiciones y perspectivas, cuyos datos y razones contrapesen innatas tendencias hacia discusiones cerradas y unidireccionales. En esta l\u00ednea, la misi\u00f3n compartida de todos y cada uno de los art\u00edculos que integran el monogr\u00e1fico es problematizar sobre la realidad y potenciar el intercambio honesto de ideas -sobre un tema de profunda sensibilidad regional como lo es la seguridad- desde un enfoque situado, aunque por momentos esta premisa genere aparentes contradicciones irreconciliables entre ellos mismos.<\/p>\n\n\n\n<p>Celebramos la iniciativa de la <em>Revista de Estudios en Seguridad Internacional<\/em> de dedicar un n\u00famero completo de su revista al tema y agrademos a su equipo editor por la confianza depositada en nuestro aporte y la predisposici\u00f3n para trabajar mancomunadamente durante toda su confecci\u00f3n. La misi\u00f3n fue nutrirla de miradas complementarias que contribuyan en conjunto a presentar un diagn\u00f3stico calificado y de primera mano sobre el <em>estado del arte <\/em>de la agenda de seguridad del Cono Sur, convencidos que un enfoque de estas caracter\u00edsticas representar\u00e1 un valor agregado para el lector espa\u00f1ol y europeo interesado.<\/p>\n\n\n\n<p>Por \u00faltimo, resulta importante destacar que, en los tiempos que corren, se torna necesario repensar la manera de incrementar y mejorar las \u00e1reas de cooperaci\u00f3n y di\u00e1logo en un espectro geogr\u00e1fico m\u00e1s amplio, lo que involucra a la Uni\u00f3n Europea y Am\u00e9rica Latina y el Caribe. Este tipo de proyectos pretende ser un peque\u00f1o paso en ese sentido, que implica, entre otras cosas, quebrar estereotipos sobre realidades diversas, polis\u00e9micas y complejas. De esa manera, la seguridad se convierte en una de las dimensiones prioritarias en las cuales ambas regiones pueden trabajar en el presente, mirando hacia el futuro. Y, en el seno de esta macro-relaci\u00f3n, vuelve a cobrar especial valor la idea de Iberoam\u00e9rica. Mientras el mundo parece entrar en una nueva etapa de reconfiguraci\u00f3n, Espa\u00f1a y los pa\u00edses de la regi\u00f3n tienen un amplio recorrido potencial por transitar.<\/p>\n\n\n\n<p>Nota sobre los autores:<\/p>\n\n\n\n<p><strong><em>Jorge M. Vega<\/em><\/strong><em>. Profesor e Investigador de Derecho y Seguridad Internacional en la Universidad del Salvador (USAL). Email: jorge.vega@usal.edu.ar<\/em><\/p>\n\n\n\n<p><strong><em>Nicol\u00e1s Comini<\/em><\/strong><em>. Director de la Licenciatura y de la Maestr\u00eda en Relaciones Internacionales en la Universidad del Salvador (USAL). Profesor en la New York University- Buenos Aires. Email: nicolas.comini@usal.edu.ar<\/em><\/p>\n","protected":false},"excerpt":{"rendered":"<p>Presentaci\u00f3n del monogr\u00e1fico JORGE M. VEGA Universidad del Salvador, Argentina NICOL\u00c1S COMINI Universidad del Salvador, Argentina Title: Diagnoses about security in and from Latin America\u2019s Southern Cone Para citar este art\u00edculo: Jorge M. Vega y Nicol\u00e1s Comini, \u201cDiagn\u00f3sticos sobre seguridad en y desde el Cono Sur de Am\u00e9rica Latina\u201d, Revista de Estudios en Seguridad Internacional,&hellip;&nbsp;<a href=\"https:\/\/seguridadinternacional.es\/resi\/html\/diagnosticos-sobre-seguridad-en-y-desde-el-cono-sur-de-america-latina\/\" class=\"\" rel=\"bookmark\">Leer m\u00e1s &raquo;<span class=\"screen-reader-text\">Diagn\u00f3sticos sobre seguridad en y desde el Cono Sur de Am\u00e9rica Latina<\/span><\/a><\/p>\n","protected":false},"author":1,"featured_media":0,"parent":0,"menu_order":0,"comment_status":"closed","ping_status":"closed","template":"","meta":{"neve_meta_sidebar":"full-width","neve_meta_container":"","neve_meta_enable_content_width":"on","neve_meta_content_width":100,"neve_meta_title_alignment":"","neve_meta_author_avatar":"","neve_post_elements_order":"","neve_meta_disable_header":"","neve_meta_disable_footer":"","neve_meta_disable_title":""},"yoast_head":"<!-- This site is optimized with the Yoast SEO plugin v15.2.1 - https:\/\/yoast.com\/wordpress\/plugins\/seo\/ -->\n<title>Diagn\u00f3sticos sobre seguridad en y desde el Cono Sur de Am\u00e9rica Latina - Revista de Estudios en Seguridad Internacional<\/title>\n<meta name=\"robots\" content=\"index, follow, max-snippet:-1, max-image-preview:large, max-video-preview:-1\" \/>\n<link rel=\"canonical\" href=\"https:\/\/seguridadinternacional.es\/resi\/html\/diagnosticos-sobre-seguridad-en-y-desde-el-cono-sur-de-america-latina\/\" \/>\n<meta property=\"og:locale\" content=\"es_ES\" \/>\n<meta property=\"og:type\" content=\"article\" \/>\n<meta property=\"og:title\" content=\"Diagn\u00f3sticos sobre seguridad en y desde el Cono Sur de Am\u00e9rica Latina - Revista de Estudios en Seguridad Internacional\" \/>\n<meta property=\"og:description\" content=\"Presentaci\u00f3n del monogr\u00e1fico JORGE M. VEGA Universidad del Salvador, Argentina NICOL\u00c1S COMINI Universidad del Salvador, Argentina Title: Diagnoses about security in and from Latin America\u2019s Southern Cone Para citar este art\u00edculo: Jorge M. Vega y Nicol\u00e1s Comini, \u201cDiagn\u00f3sticos sobre seguridad en y desde el Cono Sur de Am\u00e9rica Latina\u201d, Revista de Estudios en Seguridad Internacional,&hellip;&nbsp;Leer m\u00e1s &raquo;Diagn\u00f3sticos sobre seguridad en y desde el Cono Sur de Am\u00e9rica Latina\" \/>\n<meta property=\"og:url\" content=\"https:\/\/seguridadinternacional.es\/resi\/html\/diagnosticos-sobre-seguridad-en-y-desde-el-cono-sur-de-america-latina\/\" \/>\n<meta property=\"og:site_name\" content=\"Revista de Estudios en Seguridad Internacional\" \/>\n<meta name=\"twitter:card\" content=\"summary_large_image\" \/>\n<meta name=\"twitter:label1\" content=\"Escrito por\">\n\t<meta name=\"twitter:data1\" content=\"admin\">\n\t<meta name=\"twitter:label2\" content=\"Tiempo de lectura\">\n\t<meta name=\"twitter:data2\" content=\"4 minutos\">\n<script type=\"application\/ld+json\" class=\"yoast-schema-graph\">{\"@context\":\"https:\/\/schema.org\",\"@graph\":[{\"@type\":\"WebSite\",\"@id\":\"https:\/\/seguridadinternacional.es\/resi\/html\/#website\",\"url\":\"https:\/\/seguridadinternacional.es\/resi\/html\/\",\"name\":\"Revista de Estudios en Seguridad Internacional\",\"description\":\"\",\"potentialAction\":[{\"@type\":\"SearchAction\",\"target\":\"https:\/\/seguridadinternacional.es\/resi\/html\/?s={search_term_string}\",\"query-input\":\"required name=search_term_string\"}],\"inLanguage\":\"es\"},{\"@type\":\"WebPage\",\"@id\":\"https:\/\/seguridadinternacional.es\/resi\/html\/diagnosticos-sobre-seguridad-en-y-desde-el-cono-sur-de-america-latina\/#webpage\",\"url\":\"https:\/\/seguridadinternacional.es\/resi\/html\/diagnosticos-sobre-seguridad-en-y-desde-el-cono-sur-de-america-latina\/\",\"name\":\"Diagn\\u00f3sticos sobre seguridad en y desde el Cono Sur de Am\\u00e9rica Latina - Revista de Estudios en Seguridad Internacional\",\"isPartOf\":{\"@id\":\"https:\/\/seguridadinternacional.es\/resi\/html\/#website\"},\"datePublished\":\"2020-11-01T18:03:10+00:00\",\"dateModified\":\"2020-11-01T18:03:10+00:00\",\"inLanguage\":\"es\",\"potentialAction\":[{\"@type\":\"ReadAction\",\"target\":[\"https:\/\/seguridadinternacional.es\/resi\/html\/diagnosticos-sobre-seguridad-en-y-desde-el-cono-sur-de-america-latina\/\"]}]}]}<\/script>\n<!-- \/ Yoast SEO plugin. -->","_links":{"self":[{"href":"https:\/\/seguridadinternacional.es\/resi\/html\/wp-json\/wp\/v2\/pages\/133"}],"collection":[{"href":"https:\/\/seguridadinternacional.es\/resi\/html\/wp-json\/wp\/v2\/pages"}],"about":[{"href":"https:\/\/seguridadinternacional.es\/resi\/html\/wp-json\/wp\/v2\/types\/page"}],"author":[{"embeddable":true,"href":"https:\/\/seguridadinternacional.es\/resi\/html\/wp-json\/wp\/v2\/users\/1"}],"replies":[{"embeddable":true,"href":"https:\/\/seguridadinternacional.es\/resi\/html\/wp-json\/wp\/v2\/comments?post=133"}],"version-history":[{"count":1,"href":"https:\/\/seguridadinternacional.es\/resi\/html\/wp-json\/wp\/v2\/pages\/133\/revisions"}],"predecessor-version":[{"id":134,"href":"https:\/\/seguridadinternacional.es\/resi\/html\/wp-json\/wp\/v2\/pages\/133\/revisions\/134"}],"wp:attachment":[{"href":"https:\/\/seguridadinternacional.es\/resi\/html\/wp-json\/wp\/v2\/media?parent=133"}],"curies":[{"name":"wp","href":"https:\/\/api.w.org\/{rel}","templated":true}]}}

Diagnósticos sobre seguridad en y desde el Cono Sur de América Latina

<p class="has-text-align-center">Presentación del monográfico</p>



<p class="has-text-align-center">JORGE M. VEGA</p>



<p class="has-text-align-center">Universidad del Salvador, Argentina</p>



<p class="has-text-align-center">NICOLÁS COMINI</p>



<p class="has-text-align-center">Universidad del Salvador, Argentina</p>



<p>Title: Diagnoses about security in and from Latin America’s Southern Cone</p>



<p>Para citar este artículo: Jorge M. Vega y Nicolás Comini, “Diagnósticos sobre seguridad en y desde el Cono Sur de América Latina”, <em>Revista de Estudios en Seguridad Internacional</em>, Vol. 4, No. 1, (2018), pp. i-ii. DOI: http://dx.doi.org/10.18847/1.7.0</p>



<p>América Latina es una <em>zona de paz</em> que alcanza en Sudamérica su máxima expresión. Los agudos niveles de violencia intraestatal y transnacional registrados en ciertas áreas no opacan la ausencia sostenida de conflictos interestatales de alta intensidad y la existencia de prolíficos mecanismos de construcción de confianza mutua. Esto representa una singularidad global que despierta el recurrente interés académico de comunidades epistémicas de distintas partes del mundo, siendo la española una de las más prolíficas. En efecto, partimos de la premisa que el intercambio <em>iberoamericano</em> de mejores prácticas y lecciones aprendidas es particularmente fructífero para la administración pública de estos asuntos a ambos lados del Atlántico.</p>



<p>El meritorio rótulo de <em>zona de paz</em> no significa que Sudamérica posea una agenda regional de seguridad vacía de contenido. Por el contrario, el siglo XXI es testigo de &nbsp;profundas transformaciones de las instituciones nacionales competentes y la emergencia de renovadas políticas públicas regionales para dar cuenta de desafíos no tradicionales propios del contexto estratégico mundial post Guerra Fría. De hecho, los problemas de seguridad pública constituyen una demanda ciudadana prioritaria que trasciende fronteras y niveles de gobierno, y que interpela el rediseño permanente de paradigmas políticos, planes de gestión y dinámicas organizacionales.</p>



<p>La institucionalidad hemisférica y sudamericana competente no es ajena a este marco general de replanteos, siendo ilustrativas las críticas que actualmente reciben tanto la Organización de Estados Americanos (OEA) como la Unión de Naciones Suramericanas (UNASUR). Tampoco están exentas de reformulación las agencias nacionales responsables del uso monopólico de la fuerza (por excelencia, ejércitos y policías), verdaderos ejes de debate en todas las sociedades de la región en relación a la oportunidad, conveniencia, riesgos y amenazas de, por un lado, avanzar hacia lo que distintos autores describen como la <em>militarización</em> de la seguridad pública o, por el contrario, certificar la separación de sus respectivos ámbitos organizacionales de actuación.</p>



<p>Este monográfico tiene por objetivo explorar estas y otras dimensiones de la <em>agenda sudamericana de seguridad</em> focalizando el análisis en los problemas y arquitecturas político-institucionales de los países que integran su Cono Sur. El formato elegido para dar cuenta de ello es una combinación de estudios de caso (Argentina, Brasil, Chile, Paraguay y Uruguay) y análisis transversales sobre abordajes conceptuales dominantes (seguridad cooperativa) y desafíos comunes (problema mundial de las drogas), confeccionados por especialistas locales de distinguida trayectoria profesional en la temática tanto en el plano académico como en el gubernamental.</p>



<p>Nuestra prioridad ha sido garantizar al lector pluralidad de posiciones y perspectivas, cuyos datos y razones contrapesen innatas tendencias hacia discusiones cerradas y unidireccionales. En esta línea, la misión compartida de todos y cada uno de los artículos que integran el monográfico es problematizar sobre la realidad y potenciar el intercambio honesto de ideas -sobre un tema de profunda sensibilidad regional como lo es la seguridad- desde un enfoque situado, aunque por momentos esta premisa genere aparentes contradicciones irreconciliables entre ellos mismos.</p>



<p>Celebramos la iniciativa de la <em>Revista de Estudios en Seguridad Internacional</em> de dedicar un número completo de su revista al tema y agrademos a su equipo editor por la confianza depositada en nuestro aporte y la predisposición para trabajar mancomunadamente durante toda su confección. La misión fue nutrirla de miradas complementarias que contribuyan en conjunto a presentar un diagnóstico calificado y de primera mano sobre el <em>estado del arte </em>de la agenda de seguridad del Cono Sur, convencidos que un enfoque de estas características representará un valor agregado para el lector español y europeo interesado.</p>



<p>Por último, resulta importante destacar que, en los tiempos que corren, se torna necesario repensar la manera de incrementar y mejorar las áreas de cooperación y diálogo en un espectro geográfico más amplio, lo que involucra a la Unión Europea y América Latina y el Caribe. Este tipo de proyectos pretende ser un pequeño paso en ese sentido, que implica, entre otras cosas, quebrar estereotipos sobre realidades diversas, polisémicas y complejas. De esa manera, la seguridad se convierte en una de las dimensiones prioritarias en las cuales ambas regiones pueden trabajar en el presente, mirando hacia el futuro. Y, en el seno de esta macro-relación, vuelve a cobrar especial valor la idea de Iberoamérica. Mientras el mundo parece entrar en una nueva etapa de reconfiguración, España y los países de la región tienen un amplio recorrido potencial por transitar.</p>



<p>Nota sobre los autores:</p>



<p><strong><em>Jorge M. Vega</em></strong><em>. Profesor e Investigador de Derecho y Seguridad Internacional en la Universidad del Salvador (USAL). Email: jorge.vega@usal.edu.ar</em></p>



<p><strong><em>Nicolás Comini</em></strong><em>. Director de la Licenciatura y de la Maestría en Relaciones Internacionales en la Universidad del Salvador (USAL). Profesor en la New York University- Buenos Aires. Email: nicolas.comini@usal.edu.ar</em></p>

<p>Presentación del monográfico JORGE M. VEGA Universidad del Salvador, Argentina NICOLÁS COMINI Universidad del Salvador, Argentina Title: Diagnoses about security in and from Latin America’s Southern Cone Para citar este artículo: Jorge M. Vega y Nicolás Comini, “Diagnósticos sobre seguridad en y desde el Cono Sur de América Latina”, Revista de Estudios en Seguridad Internacional,&hellip;&nbsp;<a href="https://seguridadinternacional.es/resi/html/diagnosticos-sobre-seguridad-en-y-desde-el-cono-sur-de-america-latina/" class="" rel="bookmark">Leer más &raquo;<span class="screen-reader-text">Diagnósticos sobre seguridad en y desde el Cono Sur de América Latina</span></a></p>

<!-- This site is optimized with the Yoast SEO plugin v15.2.1 - https://yoast.com/wordpress/plugins/seo/ -->
<title>Diagnósticos sobre seguridad en y desde el Cono Sur de América Latina - Revista de Estudios en Seguridad Internacional</title>
<meta name="robots" content="index, follow, max-snippet:-1, max-image-preview:large, max-video-preview:-1" />
<link rel="canonical" href="https://seguridadinternacional.es/resi/html/diagnosticos-sobre-seguridad-en-y-desde-el-cono-sur-de-america-latina/" />
<meta property="og:locale" content="es_ES" />
<meta property="og:type" content="article" />
<meta property="og:title" content="Diagnósticos sobre seguridad en y desde el Cono Sur de América Latina - Revista de Estudios en Seguridad Internacional" />
<meta property="og:description" content="Presentación del monográfico JORGE M. VEGA Universidad del Salvador, Argentina NICOLÁS COMINI Universidad del Salvador, Argentina Title: Diagnoses about security in and from Latin America’s Southern Cone Para citar este artículo: Jorge M. Vega y Nicolás Comini, “Diagnósticos sobre seguridad en y desde el Cono Sur de América Latina”, Revista de Estudios en Seguridad Internacional,&hellip;&nbsp;Leer más &raquo;Diagnósticos sobre seguridad en y desde el Cono Sur de América Latina" />
<meta property="og:url" content="https://seguridadinternacional.es/resi/html/diagnosticos-sobre-seguridad-en-y-desde-el-cono-sur-de-america-latina/" />
<meta property="og:site_name" content="Revista de Estudios en Seguridad Internacional" />
<meta name="twitter:card" content="summary_large_image" />
<meta name="twitter:label1" content="Escrito por">
	<meta name="twitter:data1" content="admin">
	<meta name="twitter:label2" content="Tiempo de lectura">
	<meta name="twitter:data2" content="4 minutos">
<script type="application/ld+json" class="yoast-schema-graph">{"@context":"https://schema.org","@graph":[{"@type":"WebSite","@id":"https://seguridadinternacional.es/resi/html/#website","url":"https://seguridadinternacional.es/resi/html/","name":"Revista de Estudios en Seguridad Internacional","description":"","potentialAction":[{"@type":"SearchAction","target":"https://seguridadinternacional.es/resi/html/?s={search_term_string}","query-input":"required name=search_term_string"}],"inLanguage":"es"},{"@type":"WebPage","@id":"https://seguridadinternacional.es/resi/html/diagnosticos-sobre-seguridad-en-y-desde-el-cono-sur-de-america-latina/#webpage","url":"https://seguridadinternacional.es/resi/html/diagnosticos-sobre-seguridad-en-y-desde-el-cono-sur-de-america-latina/","name":"Diagn\u00f3sticos sobre seguridad en y desde el Cono Sur de Am\u00e9rica Latina - Revista de Estudios en Seguridad Internacional","isPartOf":{"@id":"https://seguridadinternacional.es/resi/html/#website"},"datePublished":"2020-11-01T18:03:10+00:00","dateModified":"2020-11-01T18:03:10+00:00","inLanguage":"es","potentialAction":[{"@type":"ReadAction","target":["https://seguridadinternacional.es/resi/html/diagnosticos-sobre-seguridad-en-y-desde-el-cono-sur-de-america-latina/"]}]}]}</script>
<!-- / Yoast SEO plugin. -->
